 o(b) = 2*b**2 + 13*b - 3. Let p be o(5). Let h = p - -299. List the prime factors of h.
3, 137
Suppose -80 = 9*w + 190. List the prime factors of w/((6 - 13) + 6).
2, 3, 5
Let a(i) = -91*i - 6. Let k be a(-2). Suppose 2*f - 3*f = -k. Suppose 0 = 4*p - 68 - f. List the prime factors of p.
61
Suppose 8*r + 2585 - 6641 = 0. Suppose 2*z - r - 695 = 0. What are the prime factors of z?
601
Let k(u) = 12*u - 10*u**2 - 2*u**3 + 6*u**3 - 9*u - 10. Let n = -330 - -334. What are the prime factors of k(n)?
2, 7
What are the prime factors of 2/(-24) + 1485309/252?
2, 7, 421
Suppose 67*q + 29*q = 61536. List the prime factors of q.
641
Let q(d) = -3*d + 6 + 3 - 35*d + 7*d. Let n(f) = f**2 + 31*f - 10. Let h(u) = 2*n(u) + 3*q(u). What are the prime factors of h(17)?
2, 29
Let h be ((-15)/(-3))/(-1 + 2). Let k(o) = 3*o - 12. Let l be k(h). Suppose l*a - 235 = -7. List the prime factors of a.
2, 19
Let m(v) = 690*v + 54. Let r be m(21). Suppose r - 2304 = 15*n. List the prime factors of n.
2, 3, 17
Let b = -1328 - -1359. Let w be 1/2 - (-306)/4. Let c = b + w. What are the prime factors of c?
2, 3
Suppose 1258 = 31*s - 33*s. Let p = 1617 + s. List the prime factors of p.
2, 13, 19
Suppose 367*w - 381*w = -526386. List the prime factors of w.
3, 83, 151
Let l(a) = 9*a**3 + 29*a**2 - 111*a + 5. Let t be l(5). Suppose 2*h - 4*i = 520, 81*h = 86*h - i - t. What are the prime factors of h?
2, 5, 13
Suppose -26*l + 6*l = -306820. Suppose -7*o + 30*o - l = 0. List the prime factors of o.
23, 29
Let c(l) = l**3 + 13*l**2 - 10*l + 24. Let x be c(-10). Let b = x + 223. What are the prime factors of b?
647
Let k(i) = 6*i + 32. Let v be k(-5). Suppose v*z - 4257 = -9*z. List the prime factors of z.
3, 43
Let r = 2172 - -3033. List the prime factors of r.
3, 5, 347
Suppose -1647 = -2*d + 31670 + 18457. List the prime factors of d.
3, 8629
Let i = 45775 - -3938. List the prime factors of i.
3, 73, 227
Let u = 9517 - -15107. What are the prime factors of u?
2, 3, 19
Suppose 0 = -201*x + 180*x + 171528. What are the prime factors of x?
2, 1021
What are the prime factors of 5/((-20)/(-100772)) - ((-11 - -9) + 2)?
7, 59, 61
Suppose 0 = 753*i - 660805 - 781943. List the prime factors of i.
2, 479
Let p = -18348 - -39598. What are the prime factors of p?
2, 5, 17
Let x = -54 - -120. Suppose 0 = 4*v + x - 238. Let j = v - -47. What are the prime factors of j?
2, 3, 5
Let c(m) = 3*m + 28. Let p be c(-6). Suppose -p*k = 13*k - 8004. What are the prime factors of k?
2, 3, 29
Let r = 51 + 0. Let g = r - 42. Suppose 1738 = g*v + 2*v. What are the prime factors of v?
2, 79
Let o(v) = -48*v - 94. Suppose -5*a + 4*l - 36 = 0, 0*a + 3*l = 2*a + 20. What are the prime factors of o(a)?
2, 7
Let x = -128 + 122. Let o be x/57 - 300/38. Let s(v) = -v**3 - 10*v**2 - 31*v + 10. What are the prime factors of s(o)?
2, 5, 13
Let z = -27 - -69. Let c = 48 - z. What are the prime factors of (7/14*57)/(c/32)?
2, 19
Let m be (15/((-6)/2) - -11) + -6. Suppose 206*k - 208*k + 734 = m. List the prime factors of k.
367
Let m = 1495 + 4058. What are the prime factors of m?
3, 617
Suppose x + 1725 = -m + 8563, 3*m = -x + 20526. What are the prime factors of m?
2, 29, 59
Suppose -g - 4*o - 17 = 0, 3*g - 2*o - 25 = -6. Let q(n) = 45*n + 11. Let z be q(g). What are the prime factors of (z + 14)*(1 - 0)?
2, 5
Let c(v) be the third derivative of 11/2*v**3 + 0*v - 1/24*v**4 + 0 - 10*v**2. What are the prime factors of c(11)?
2, 11
Suppose 147255 + 4050 = 30*b - 256245. List the prime factors of b.
5, 11, 13, 19
Suppose -5*y + 199 = h + 41, 3*h - 5*y = 414. Let j = -144 + h. List the prime factors of (211 + -2)*(0 + 0 - j).
11, 19
Let d(f) = f**3 + 61*f**2 - 149*f - 104. What are the prime factors of d(-32)?
2, 5, 859
Let y(u) = 114*u**2 - 2 + 116*u**2 + 112*u**2 + 489*u**3 - 340*u**2. What are the prime factors of y(1)?
3, 163
Let i(g) = -50*g**3 + 3*g**2 - 5*g - 10. Let f be ((-11)/(-2) + -4)*-2. List the prime factors of i(f).
2, 691
Let y(p) = -282*p**3 + p**2 - p. Let x(m) = 2*m**3 - m. Let w be x(-1). Let c be y(w). Suppose -2*z + c = -68. What are the prime factors of z?
2, 11
Suppose 68492 = 35*q - 29613. What are the prime factors of q?
2803
Suppose 0 = -0*y - y + 15. Let t be (4*3)/(1 + y/(-21)). Let o = -17 + t. List the prime factors of o.
5
List the prime factors of 12/(-4)*23372/48*-4.
5843
Suppose 0 = -7*n + 5*n + 142. Suppose n*y - 74*y = 6. What are the prime factors of 9/(-3)*y*24/9?
2
Let a(m) be the first derivative of -19*m**4/4 - m**3 - 5*m**2 - 11*m - 30. What are the prime factors of a(-4)?
3, 7, 19
Suppose -2*v + v + 418 = 0. What are the prime factors of v - (5/1)/5?
3, 139
Let j(y) = 209*y**2 - 1. Let o be j(-1). Suppose o*p + 1064 = 215*p. List the prime factors of p.
2, 19
Let y = 6022 - 1393. List the prime factors of y.
3, 1543
Suppose 0*n = 4*n. Suppose d - 3*d + 122 = n. What are the prime factors of d?
61
What are the prime factors of -7 - (2337/(-228))/((-2)/(-1528))?
2, 3, 163
Let v = -5994 + 14990. What are the prime factors of v?
2, 13, 173
List the prime factors of (8 - (-35518)/(-3))/((-4)/12*1).
2, 17747
List the prime factors of (-62930)/(-15) + 12 + 8/(-6).
2, 3, 701
Suppose -m = 5*b - 8875, -114*b - 17723 = -2*m - 115*b. List the prime factors of m.
2, 5, 443
Suppose 3*t - 16126 = -5*p + 53114, -3*t + 69204 = -p. What are the prime factors of t?
2, 3, 5, 769
List the prime factors of (-1187 - 257)/((-3)/18).
2, 3, 19
Let g(a) = 7*a - 5. Let x be g(0). List the prime factors of (-3392)/(x + 1) + 4 - -4.
2, 107
Suppose h = -5, 4*v - 460 = -2*h + 298. Suppose k + v = 3*k. Let m = -49 + k. List the prime factors of m.
47
Let n be (3 + 0)/(18/84). Suppose b + 26 = 4*l + 4, -b = 3*l - 13. List the prime factors of b/n - (0 + 1234/(-14)).
2, 11
Suppose -4*s - 14 + 22 = 0. Suppose -h = 4*u - 127 - 91, -s*h + 2*u + 446 = 0. What are the prime factors of h?
2, 3, 37
Let c = 220 - 146. Let i be (21/(-3) - -6)/(2/(-68)). Suppose -6*m + i = -c. What are the prime factors of m?
2, 3
Suppose -5*p + p - 12 = 0, 0 = z + 4*p + 12. Suppose 6*l = -z*l - 0*l. Let b = 44 + l. What are the prime factors of b?
2, 11
Let t = 95713 - 19305. List the prime factors of t.
2, 9551
Let v(l) = -121*l + 5 + 2*l**2 + 1 + 147*l - 61. What are the prime factors of v(-21)?
281
Let k(r) = 267*r - 2377. List the prime factors of k(83).
2, 2473
Let n be (5 + 2973/(-12) - -2)*-16. List the prime factors of n/10 - ((-98)/35 - -3).
5, 7, 11
Let m(z) = 8*z**3 - 5*z**2 + 22*z - 21. Let d(v) = -2*v**3 - 44*v**2 + 47*v + 29. Let o be d(-23). What are the prime factors of m(o)?
3, 7, 79
Let y = -40 + 92. Let q(n) = 3*n - y - 4*n - 3*n. What are the prime factors of q(-18)?
2, 5
Let u = 2619 - 1516. Let f = 2969 - u. What are the prime factors of f?
2, 3, 311
Let z(q) = 18 - 8*q**2 + 10 + q + 2*q + 2*q**3 - 20. What are the prime factors of z(8)?
2, 17
Suppose 5*z = -3*q + 1, 2*q - 8 = 7*z - 3*z. Suppose -f - j = -98, -2*j - 166 - 34 = -q*f. Suppose -14 = 5*r - f. List the prime factors of r.
17
Let b be ((-798)/(-9))/7 - (-2)/(-3). Let r(q) = q**3 - 8*q**2 - 16*q - 2. List the prime factors of r(b).
2, 191
Let m = 6 - -3. Let b(z) = -z. Let p be b(m). Let q(g) = g**2 + 8*g + 8. List the prime factors of q(p).
17
Suppose i - 325 = 5*g, 4*i - i = 0. Let y be 107 + (2/12)/((-1)/(-6)). Let o = g + y. List the prime factors of o.
43
Suppose 10007 = 3*x - 4*j, 3*x - 4*j - 13336 = -x. Suppose -x = -10*s + 2931. Let k = -434 + s. List the prime factors of k.
2, 3
Let x be (0*(-1)/(-2))/2 + -3. List the prime factors of (-67 + 5)*-2*x/(-6).
2, 31
Let g(f) = 4*f**2 + 13*f + 18. Let y(z) = -z**3 + 6*z**2 - z + 2. Suppose 36 = -0*c + 6*c. Let q be y(c). List the prime factors of g(q).
2, 3, 5
Suppose -2*a - h + 32 = -0, 51 = 3*a + 3*h. Suppose a*t + 981 = 18*t. List the prime factors of t.
3, 109
Let v(k) = -3*k - 12. Let h be v(-4). Suppose 0 = -h*r - 4*r + 8. Suppose d = -5*m + 66, -r*d + 72 = -0*d - 2*m. List the prime factors of d.
41
Let q = 50 + -45. Let v be (13 + -15)/((-1)/q). Suppose 7*n - v*n = -333. What are the prime factors of n?
3, 37
Let q(w) = 504*w + 38. Let j = -79 - -80. What are the prime factors of q(j)?
2, 271
Suppose 3*y + 8126 = -5*f, -5*f + 3*f - 3266 = -4*y. Let v = f + 2296. List the prime factors 